e factors of z.
2, 7
Suppose 1 = 4*l - 11. Let s(j) = 4*j**l - 3*j**3 + 4*j**3 - 3*j**3 - j - 2. List the prime factors of s(3).
7
Let w(b) = 8*b**3 + 4*b**2 - 4*b - 4. Let z(c) = -c**3 + c**2 - 1. Let p(j) = w(j) - 4*z(j). What are the prime factors of p(2)?
2, 11
List the prime factors of 9 - ((-28)/(-7) - 2534).
2539
Let u be ((-9)/6)/((-6)/872). Suppose 3*n = u + 34. What are the prime factors of n?
2, 3, 7
Let z = 1250 + -530. Suppose -z = -5*a - 3*u, 5*a - 2*u - 336 = 384. List the prime factors of a.
2, 3
Let q = 689 + -404. Let u be (4/12 - 0)*q. Suppose 9*l - u = 4*l. What are the prime factors of l?
19
Suppose 75 = -5*h + j, -8 = -2*h - 5*j - 38. Let a = 115 - h. What are the prime factors of a?
2, 5, 13
Suppose -26*b - 4640 = -30*b. Suppose -8*t + b = 2*t. List the prime factors of t.
2, 29
List the prime factors of (2 - 3)*-2*(-1910)/(-20).
191
Suppose 2*y = 4*w + 466, w - y + 139 = -5*y. Suppose 0 = -3*k - 4*r + 566, -3*k + 740 = 5*r + 169. Let q = w + k. What are the prime factors of q?
3, 7
Let z(u) = 21*u**2 - 7*u - 90. What are the prime factors of z(14)?
2, 491
Suppose 70 = -3*i + 10147. List the prime factors of i.
3359
Suppose -2*o + 2 = -2*l, -2*o - 5*l = -2*l + 3. Suppose o = 8*s - 6*s - 98. What are the prime factors of s?
7
What are the prime factors of 24/56 + 12384/14?
3, 5, 59
Let p(h) = h**2 + 10*h + 6. Let g be p(-7). List the prime factors of (-2 + (-40)/6)/(5/g).
2, 13
Suppose 2*d - d - 5*z - 238 = 0, -d + 3*z = -240. Let b = d - 149. List the prime factors of b.
2, 47
Let t(j) = -j**3 - 5*j**2 - 3*j + 12. Let x be 0 + 2/(-5) - 280/50. What are the prime factors of t(x)?
2, 3, 11
Let p(x) be the second derivative of x**4/6 + 5*x**3/2 + 3*x**2/2 - 2*x - 9. Let z be 28/(-3) - 6/9. What are the prime factors of p(z)?
53
Let q(d) be the third derivative of -d**5/60 + d**4/24 + 8*d**3/3 + 4*d**2. List the prime factors of q(0).
2
Let g(n) = 288*n + 26. List the prime factors of g(2).
2, 7, 43
Suppose -45 - 13 = -2*o + 2*k, 0 = 5*o + k - 175. Suppose 0 = s - 5*r, 5*s - o = 3*r - 12. List the prime factors of s.
5
Let c = -124 - -175. List the prime factors of 1/(-3) + 1292/c.
5
Let m = -502 - -719. List the prime factors of m.
7, 31
List the prime factors of ((-19275)/250 + (-3)/(-5))*-18.
3, 17
Let d be (-14)/((6/4)/(-3)). Let x = d - 7. Suppose 17 = 2*j - x. What are the prime factors of j?
19
Let a(l) = -l**3 + 10*l**2 + l - 7. Let g be a(10). Suppose 0 = -g*b + 12 - 6. Let k = 5 + b. List the prime factors of k.
7
Suppose 0 = 3*f - 4*v - 180 - 212, -3*f + 3*v = -390. Suppose -f = -8*c - 0. List the prime factors of c.
2
Suppose 0 = 78*q + 164211 - 583227. List the prime factors of q.
2, 17, 79
Let k(n) = 259*n - 466. List the prime factors of k(18).
2, 1049
Suppose 0*l = 3*l - 6. Let z be -2*(-2)/(-8)*(-10 + 4). Suppose -57 = -2*w - 3*k + l, -85 = -z*w - k. What are the prime factors of w?
2, 7
What are the prime factors of 16/10*(-7710)/(-24)?
2, 257
Let l = 20 + -27. Let s(y) = -21*y + 14. List the prime factors of s(l).
7, 23
Suppose -7 - 3 = -2*p. Suppose 0 = 5*f - p*m - 50, 2*m - 50 = -3*f + m. What are the prime factors of f?
3, 5
Let b be 3*(6/(-2))/(-9). Let j(h) = -12 + 14 + h - 3*h + 25*h**2. List the prime factors of j(b).
5
Let i be (-494)/(-6) - 7*(-5)/(-105). Suppose 24*p + i = 25*p. List the prime factors of p.
2, 41
Suppose 0 = 42*k - 47587 - 8567. What are the prime factors of k?
7, 191
Suppose l - 2*l = 1. Suppose 0 = 3*m + 33 - 21. Let j = l - m. What are the prime factors of j?
3
Let j(y) = -5*y + 8. Let m(g) = -g. Let v(t) = -j(t) - 4*m(t). Let h be v(9). Suppose 2*a = -4 + 2, 0 = -5*w - 2*a + h. What are the prime factors of w?
3, 5
Let g be -22 + (-3 - -7 - 0). List the prime factors of 4/(-18) + (-832)/g.
2, 23
Let o be -3 + 1 - (-7 - -3). Let p be o/4*(-28)/(-7). Let l(x) = 10*x - 4. List the prime factors of l(p).
2
Let d = 30 - 25. Let s(o) = o**3 - 3*o**2 - 3*o - 3. List the prime factors of s(d).
2
Let m = 359 + -134. Suppose 57 = -8*v + m. What are the prime factors of v?
3, 7
Let l(d) = d**2 + 6*d + 2. Suppose -w + 11 = -2*k + k, -2*w + 40 = -5*k. Let m be l(k). Suppose m*c = c + 10. List the prime factors of c.
2, 5
Suppose 1 = -3*n - 8, 3*n - 12041 = 5*g. Let m be g/(-50) - 2/10. Let k = m + -16. List the prime factors of k.
2
Let r(x) = -3*x**2 - 31*x + 50. Let d(p) = -16*p**2 - 156*p + 249. Let v(c) = -2*d(c) + 11*r(c). List the prime factors of v(-22).
2, 103
Suppose 8*c - 2*c - 120 = 0. Let k = c - 121. Let f = k + 160. List the prime factors of f.
59
Let r(p) = -9*p - 39. What are the prime factors of r(-18)?
3, 41
Let h = -17 - -17. Suppose v - 3 + h = 0. Suppose 0*n + 3*n = 3, v*f - 4*n = 11. What are the prime factors of f?
5
Suppose -10*z - 3042 = -212. Let w = z - -431. What are the prime factors of w?
2, 37
Let v = -35 + 39. Suppose -y + 212 = v*z - 2*y, -3*y = 0. List the prime factors of z.
53
Let b = 441 + -409. List the prime factors of b.
2
Suppose 5*m = -5*o + 15, -o + 14 = 3*o + 5*m. List the prime factors of ((-37)/(-74))/((1/186)/o).
3, 31
Let y = 2498 + -1599. List the prime factors of y.
29, 31
Suppose 3654 = 5*z - 3*l, -4*z + 6*l = l - 2918. What are the prime factors of z?
2, 3, 61
Let k = -20 - -16. List the prime factors of (72 - (0 - 1)) + k.
3, 23
Let r be (-3)/(-4) + (-1732)/(-16). Let n = r - -43. What are the prime factors of n?
2, 19
Let f = -1003 - -1637. What are the prime factors of f?
2, 317
Let r = -109 + 284. Let w = r - -118. What are the prime factors of w?
293
Let q be (-8)/(4 - 6)*2/8. Let u(j) = 145*j + 9. What are the prime factors of u(q)?
2, 7, 11
Suppose c + 0*c = -5*f + 18, -30 = -4*c + f. List the prime factors of (-323)/(-2) + ((-28)/c - -4).
2, 3
Suppose -n = -5*n + 5*a - 24, n - 3*a + 13 = 0. Let o be 75/35 - n/(-7). Suppose -2*u = -2*h + 66, 4*h - 4*u = -o*u + 132. What are the prime factors of h?
3, 11
Let z = 13 + -8. Suppose -4*w + 14 + 47 = 5*p, 3*p + z*w - 47 = 0. Suppose 0*h + 3*h - p = 0. List the prime factors of h.
3
Let m(t) = -2*t + 6. Suppose -7*x + 2*x = 5*c - 5, -c + 4 = 2*x. Let b be m(x). Suppose b*d = -3*d + 33. What are the prime factors of d?
11
Let f = -313 + 548. Suppose 83 = 3*s - f. Let b = -51 + s. What are the prime factors of b?
5, 11
Let t(d) = 9*d**2 - 6*d + 32. List the prime factors of t(14).
2, 107
Suppose -61 = 2*u - 1. Let s be (-48)/u - 4/(-10). Suppose 25 = s*g - 17. What are the prime factors of g?
3, 7
Let o(q) = -12*q + 5*q**2 - 7 + 16 + 2*q - 17*q. List the prime factors of o(6).
3
Let t be (1 - -2) + 3/(-1). Suppose 2*x = 6*x - 396. Suppose s - 27 = -3*h, 4*s + 3*h = -t*h + x. What are the prime factors of s?
2, 3
Let k be (-3 - -1)*(-74)/4. Let f(h) = h + 29. Let m be f(-7). Let x = k - m. List the prime factors of x.
3, 5
Let d(v) = -132*v + 3781. What are the prime factors of d(0)?
19, 199
Suppose 168*f - 7854 = 161*f. What are the prime factors of f?
2, 3, 11, 17
Let o(t) = t - 1. Let n(p) = -p - 10. Let d be n(-6). Let l be o(d). What are the prime factors of -3 + (l - -4) - -58?
2, 3
Suppose 52 - 791 = 5*g + 2*j, 0 = 5*g + 3*j + 741. Let n = -133 - g. What are the prime factors of n?
2, 7
Suppose -21*m + 22*m - 1388 = 0. List the prime factors of m.
2, 347
Suppose 4*c - 1189 = 2*i + 213, 0 = -5*c + 5*i + 1755. What are the prime factors of c?
2, 5, 7
Suppose 3*o - 2*y + 1115 = 0, o - 2*y + 563 - 194 = 0. Let q = 522 + o. What are the prime factors of q?
149
Let j be (-9)/(-5) + -2 + (-2802)/15. List the prime factors of j/(-5) - (-30)/(-75).
37
Suppose -28 = 2*o - 2*w, 3 = o - 4*w + 29. List the prime factors of (-406)/o + 3/(-5).
2, 5
Suppose 5*t = n - 2, 0 = 2*n - 5*t - 2 - 2. Suppose -14 = -b - 3*w, n*b = 3*b + w - 6. Suppose b*q - 5 = 9. What are the prime factors of q?
7
Let w(v) = -15*v + 142. What are the prime factors of w(-21)?
457
Let p = -11 + 7. Let n be (-1)/2 + (-410)/p. Suppose -2*c + n = c. List the prime factors of c.
2, 17
Let q be (-5 + 3)/2 - -1. Let i be 1/(-8)*-134 + 9/36. Suppose 4*v - l - 68 = 0, -l + q*l = -v + i. List the prime factors of v.
17
Let m(h) = h + 4. Let l be m(13). Let o = 66 - l. What are the prime factors of o?
7
Let j(f) = -4*f**2 - 2*f + 2. Let k = 11 + -13. Let a be j(k). What are the prime factors of (-4)/a + 148/5?
2, 3, 5
Suppose n + 